 divisor of 1384 and 12?
4
Calculate the greatest common factor of 848 and 106.
106
Calculate the greatest common factor of 22 and 11264.
22
Calculate the highest common factor of 1 and 1.
1
What is the greatest common factor of 240 and 210?
30
Calculate the greatest common factor of 50 and 650.
50
Calculate the highest common divisor of 1481 and 1.
1
What is the greatest common factor of 28 and 868?
28
What is the greatest common factor of 9 and 225?
9
Calculate the highest common factor of 2793 and 532.
133
What is the highest common divisor of 845 and 5?
5
What is the greatest common factor of 33 and 968?
11
What is the highest common divisor of 3550 and 650?
50
What is the highest common factor of 13 and 2977?
13
Calculate the greatest common factor of 21 and 51.
3
Calculate the highest common factor of 13722 and 18.
6
What is the greatest common divisor of 75 and 11675?
25
Calculate the greatest common divisor of 493 and 58.
29
What is the highest common factor of 15309 and 189?
189
What is the highest common divisor of 36 and 162?
18
Calculate the highest common factor of 1462 and 187.
17
Calculate the highest common divisor of 286 and 2522.
26
Calculate the highest common factor of 437 and 19.
19
What is the highest common factor of 1504 and 1952?
32
What is the greatest common factor of 54 and 12?
6
What is the highest common factor of 165 and 440?
55
What is the greatest common factor of 572 and 44?
44
What is the greatest common factor of 161 and 207?
23
Calculate the highest common factor of 24 and 888.
24
What is the highest common divisor of 47 and 57199?
47
What is the highest common divisor of 18 and 438?
6
What is the greatest common factor of 90 and 9090?
90
Calculate the greatest common factor of 56 and 21.
7
What is the highest common divisor of 138 and 1472?
46
Calculate the greatest common factor of 6 and 96.
6
Calculate the greatest common factor of 32 and 1424.
16
Calculate the greatest common factor of 91 and 351.
13
Calculate the greatest common factor of 207 and 253.
23
What is the greatest common divisor of 82 and 2132?
82
Calculate the highest common factor of 81 and 9.
9
Calculate the highest common factor of 864 and 54.
54
What is the greatest common factor of 8352 and 435?
87
Calculate the greatest common factor of 527 and 1767.
31
Calculate the highest common divisor of 120 and 900.
60
Calculate the greatest common divisor of 82 and 41.
41
Calculate the greatest common divisor of 35 and 2065.
35
What is the greatest common factor of 85 and 49?
1
What is the highest common factor of 1284 and 96?
12
Calculate the greatest common factor of 9120 and 15.
15
Calculate the greatest common factor of 46255 and 55.
55
What is the greatest common factor of 2679 and 19?
19
What is the highest common factor of 3 and 24?
3
What is the greatest common factor of 10824 and 88?
88
Calculate the greatest common divisor of 300 and 400.
100
Calculate the highest common divisor of 713 and 92.
23
Calculate the highest common factor of 18 and 45.
9
What is the highest common factor of 1710 and 15?
15
What is the greatest common factor of 148 and 4181?
37
What is the highest common divisor of 27 and 19683?
27
What is the highest common divisor of 455 and 45?
5
Calculate the highest common factor of 366 and 3904.
122
Calculate the greatest common factor of 116 and 4263.
29
What is the greatest common divisor of 570 and 874?
38
Calculate the greatest common factor of 2925 and 780.
195
What is the greatest common divisor of 27 and 360?
9
Calculate the greatest common divisor of 60 and 1356.
12
Calculate the highest common factor of 42 and 1029.
21
Calculate the greatest common divisor of 2059 and 3550.
71
Calculate the greatest common factor of 1960 and 360.
40
What is the highest common factor of 56 and 1127?
7
What is the greatest common factor of 535 and 55?
5
What is the greatest common factor of 159 and 1325?
53
Calculate the greatest common factor of 42 and 1281.
21
Calculate the greatest common factor of 6 and 24.
6
Calculate the greatest common factor of 1400 and 875.
175
Calculate the greatest common factor of 6 and 7377.
3
What is the greatest common divisor of 45 and 285?
15
Calculate the greatest common divisor of 140 and 175.
35
Calculate the greatest common divisor of 105 and 45.
15
Calculate the highest common divisor of 1485 and 30.
15
What is the greatest common divisor of 54 and 2?
2
Calculate the highest common factor of 90 and 970.
10
What is the highest common divisor of 144 and 32?
16
What is the greatest common divisor of 756 and 224?
28
Calculate the greatest common divisor of 31198 and 38.
38
Calculate the greatest common factor of 6227 and 91.
13
What is the highest common factor of 165 and 135?
15
Calculate the greatest common divisor of 100 and 4.
4
What is the greatest common divisor of 70 and 2156?
14
Calculate the highest common factor of 434 and 1550.
62
Calculate the highest common divisor of 494 and 26.
26
Calculate the highest common divisor of 356 and 68.
4
Calculate the highest common divisor of 294 and 42.
42
What is the greatest common factor of 749 and 7?
7
What is the highest common divisor of 92 and 1794?
46
What is the highest common divisor of 3795 and 330?
165
What is the greatest common divisor of 387 and 2601?
9
Calculate the highest common divisor of 6 and 5.
1
Calculate the highest common divisor of 1112 and 112.
8
What is the greatest common divisor of 6266 and 2?
2
What is the highest common factor of 330 and 5?
5
What is the highest common factor of 24 and 10?
2
What is the greatest common factor of 1680 and 120?
120
What is the greatest common factor of 506 and 46?
46
What is the highest common divisor of 35 and 2065?
35
What is the greatest common divisor of 90 and 15192?
18
Calculate the highest common factor of 16 and 28.
4
What is the greatest common divisor of 64 and 1376?
32
Calculate the highest common divisor of 13284 and 164.
164
What is the greatest common divisor of 236 and 4?
4
What is the greatest common factor of 20360 and 120?
40
What is the greatest common divisor of 553 and 14?
7
What is the greatest common factor of 4487 and 21?
7
Calculate the highest common divisor of 300 and 240.
60
Calculate the highest common factor of 3427 and 69.
23
What is the highest common divisor of 89 and 1780?
89
What is the highest common divisor of 68 and 646?
34
Calculate the highest common divisor of 1771 and 176.
11
Calculate the greatest common divisor of 12 and 6276.
12
What is the greatest common divisor of 49 and 63?
7
Calculate the greatest common factor of 1581 and 93.
93
What is the highest common divisor of 3248 and 448?
112
Calculate the highest common divisor of 18 and 2.
2
Calculate the highest common divisor of 192 and 448.
64
Calculate the greatest common factor of 70 and 55.
5
What is the greatest common factor of 128 and 880?
16
What is the greatest common factor of 10519 and 335?
67
Calculate the highest common divisor of 16 and 194.
2
What is the greatest common divisor of 50 and 8620?
10
Calculate the greatest common factor of 1540 and 14.
14
Calculate the highest common divisor of 749 and 428.
107
What is the greatest common factor of 5339 and 19?
19
What is the greatest common divisor of 24912 and 36?
36
Calculate the highest common factor of 370 and 222.
74
Calculate the greatest common divisor of 1287 and 26.
13
What is the highest common divisor of 4 and 92?
4
What is the highest common factor of 1558 and 82?
82
Calculate the highest common factor of 1218 and 14.
14
Calculate the greatest common divisor of 106 and 1431.
53
Calculate the greatest common factor of 16 and 5584.
16
Calculate the highest common divisor of 441 and 63.
63
What is the highest common divisor of 1943 and 268?
67
What is the highest common factor of 276 and 1472?
92
Calculate the highest common divisor of 1800 and 88.
8
What is the highest common factor of 12 and 80?
4
Calculate the greatest common divisor of 225 and 30.
15
What is the greatest common divisor of 35 and 15?
5
Calculate the greatest common divisor of 66 and 30.
6
Calculate the highest common factor of 14 and 133.
7
What is the greatest common factor of 8457 and 3?
3
Calculate the highest common divisor of 187 and 51.
17
